be ((-3)/4)/(c/4312). Let n = z - -442. Is n composite?
False
Suppose c + 7*r - 2*r = 20, 0 = -2*c + 4*r - 16. Suppose m + m = c. Let s(b) = b**3 - b**2 - b + 26. Is s(m) a composite number?
True
Suppose x - u = 83, 284 = 5*x + 4*u - 131. Let a = 392 - 178. Let j = a - x. Is j a prime number?
True
Let x be 5/(15/18) - -2. Suppose x = 4*m, -2*z + 6 = -0*z - 2*m. Suppose 4*h - 2*q = 1646, -z*q + q + 798 = 2*h. Is h prime?
True
Suppose -1902 = 24*k - 25*k. Let a be (-1)/((9/(-3))/(-2847)). Let p = k + a. Is p composite?
False
Let m(o) = 5*o**2 + 2 - 8 + 0*o - 8*o. Let n = 156 + -161. Is m(n) a composite number?
True
Is (23784/6 + -7)/3 a composite number?
False
Let i = -2 + 5. Suppose -z + i = -0. Suppose -z*j - 412 = -1507. Is j prime?
False
Let r(j) = 3*j**3 + j**2 - 7*j - 2. Let c be r(2). Suppose -15*h + c*h = -1869. Is h composite?
True
Let l(x) = -x**2 - 3*x + 1. Let k be l(-3). Let b be (-2)/k - (-1113)/3. Suppose 2*f + 115 = b. Is f a composite number?
False
Let l = -3197 - -5950. Let t = -1876 + l. Is t composite?
False
Suppose 0 = d - 5624 - 1133. Is d a prime number?
False
Let f = -113267 + 175348. Is f prime?
True
Suppose w - 2*w = -q - 3816, -w - 3*q + 3836 = 0. Is w prime?
True
Let k = 37 - 32. Suppose 3*h + 0*g - 925 = g, -20 = k*g. Is h a prime number?
True
Is -2 + 1 - (-16156 + 14) prime?
True
Is 2 + -3 - (-199 - -4) composite?
True
Suppose 4*o = 10*o - 54. Let c be (-4)/(-2) + 6129/o. Suppose -399 = -2*i + c. Is i a prime number?
True
Suppose 2*x - 3*j + 4784 = -2*x, 2*j = 8. Let m = -771 - x. Is m a prime number?
False
Let y = 9688 + -5095. Is ((2 - y) + -4)*-1*1 prime?
False
Suppose 10*f - 7219 = 7*f - 5*j, 0 = 3*j + 12. Is f a prime number?
False
Let l be -2*(92/32 - 3)*20. Suppose q + 5*f = 2*f + 197, 0 = -2*q - l*f + 392. Is q a composite number?
False
Let x(g) = 171*g + 340. Is x(11) composite?
False
Let f(l) = 6006*l**3 + 3*l**2 + 16*l - 18. Is f(1) a composite number?
False
Let o = 13259 + -8290. Is (-1)/(24844/o - 5) prime?
True
Suppose -4*v = t - 5*t - 3276, 4109 = 5*v + 2*t. Is v a composite number?
False
Let y(v) be the first derivative of -v**4/4 + 10*v**3/3 + 5*v**2 + 8*v - 1. Let d be y(9). Suppose 4*s + 2*o = -2*o + 140, 5*s - d = -4*o. Is s composite?
True
Let s = -31 + 28. Let k(c) be the first derivative of -5*c**4/4 + c**3/3 - 2*c**2 - c + 12. Is k(s) a prime number?
False
Suppose 102967 = 11*c + 9456. Is c a prime number?
True
Suppose -2*a = -x - 0*a + 493, -2*x + 968 = 2*a. Is x composite?
False
Let j(u) = 2 + 5*u + 94*u**2 - 6*u - 2. Let f be j(2). Is (-4)/10 + f/10 a prime number?
True
Suppose -15*r + 27004 + 14636 = 0. Suppose -o - 7*o = -r. Is o a prime number?
True
Let d(i) = i**2 + 6*i - 12. Let p be d(6). Let n(s) = -p*s - 30*s + 2 + 9. Is n(-4) a prime number?
False
Let a = -24 - -14. Let g be 1/5 + 114/5. Let n = g + a. Is n composite?
False
Suppose -31*z = -13*z - 50022. Is z a composite number?
True
Suppose 4*r + 5 = 81. Is ((16 - 4) + -5)*r a prime number?
False
Suppose 0 = -2*m - 2*y + 16, 5*m - 4*m - y = 0. Suppose 0 = 2*r - m*w - 926, 2*r - 336 - 617 = -5*w. Is r prime?
False
Suppose a = -d - 0*d + 215, 3*d = a - 223. Is a a composite number?
True
Let k(f) = 4*f**2 + 6*f - 7 - 14 + 5*f. Is k(-10) composite?
False
Suppose -14*o - 34860 = -161882. Is o a composite number?
True
Suppose -19*x = -3*y - 20*x + 2359, 0 = 2*y - 2*x - 1578. Is y a prime number?
True
Let j(a) = -3*a**3 + 3*a**2 + 6*a - 5. Suppose 10 = -2*n - 0, 0 = 2*g - 5*n - 15. Is j(g) a composite number?
True
Let a be (1668/(-30))/(3/75). Let z = -711 - a. Is z composite?
True
Let h be (-38)/(-133) + 46/(-14). Is h - (-1)/(1/1252) prime?
True
Suppose 3*x + 824 = q + 2418, 0 = -2*x - 5*q + 1091. Suppose 0 = 4*o + 5*p - x - 448, 5*p = o - 214. Suppose 4*f - 1051 = -o. Is f a prime number?
False
Suppose -66 - 69 = 3*b. Let x = 40 - b. Is x a composite number?
True
Suppose v + 18 = 3*z, -3*v - 2 + 11 = 0. Suppose -z*s = -12*s + 1675. Is s prime?
False
Let z(a) be the first derivative of -19/2*a**2 - 7 - 9*a. Is z(-8) prime?
False
Let j(i) = 100*i**2 + 5*i + 5. Is j(-14) a composite number?
True
Let u be (-4828)/(-6) - (-1)/(-3)*-1. Suppose u = -3*l + 4564. Is l prime?
False
Suppose 2*n - 5*n - 3 = 0. Let z(c) = -533*c + 2. Is z(n) prime?
False
Let m(r) be the first derivative of 56*r**3 - 3*r**2/2 + r - 11. Is m(2) prime?
False
Suppose 5*t = 11*a - 10*a - 4808, -3*a - 5*t = -14324. Is a a prime number?
True
Let k be (20/(-12))/(2/(-6)). Suppose -w + 63 = n + 20, -4*w = k*n - 177. Suppose -2*q + 0*q + w = 0. Is q a composite number?
False
Let a(n) = -n**2 + 21*n - 1. Suppose 0 = 4*o + 5*u - 16, o + 5*u + 0*u - 4 = 0. Let k(t) = -t**3 + 5*t**2 + t - 4. Let r be k(o). Is a(r) a prime number?
True
Let h be (-4)/(-1 - (-12)/20). Let r be ((-2)/(-5))/(2/h). Suppose r*b - 438 = w, -4*b + 3*w = -3*b - 209. Is b a composite number?
True
Let z be (-3 + 0 + -1)*(-921)/(-12). Is -2*z*(-3)/(-2) prime?
False
Suppose 0 = 5*k - 4*p - 1137169, -2*k + 3*p + 283110 = -171752. Is k a prime number?
False
Let o = 0 + 4. Let z(q) be the first derivative of 4*q**2 + q + 4. Is z(o) a composite number?
True
Let p = 22019 + -12756. Is p a composite number?
True
Suppose -17 = 5*m + 3*j, -20 = 2*j + 3*j. Let d be -717*4/12*m. Suppose 10 + d = 3*r. Is r prime?
True
Let j = 58 + -103. Is (-9099)/j - (-1)/(-5) prime?
False
Let u(c) = c**3 + 3*c**2 - 4*c - 4. Let d be u(-3). Let b be (d/(-5))/(12/(-30)). Suppose -4*t = -b*w - 768, t + 2*w - w = 190. Is t a prime number?
True
Let s be ((-1 - -1)/4)/2. Suppose -3*m + 0*r - 2*r - 16 = s, 4*m + r + 28 = 0. Is -22*((-620)/m)/(-5) a prime number?
False
Suppose -3*u - 3*c = 6, -c + 14 = -u - 5*c. Suppose 2*z - 32 = u. Suppose 3*v + z = 1730. Is v composite?
False
Suppose f + 51 = -0*f. Let t = f + 104. Is t a prime number?
True
Let m = 8187 + -4978. Is m composite?
False
Let d(c) be the first derivative of -7*c**2 + c + 7. Let s(h) = -h. Let j(p) = -d(p) - 2*s(p). Is j(3) prime?
True
Let t = 14 + -10. Suppose 2*p = 5*m - 2639, -m - 5*p + t*p + 525 = 0. Is m a composite number?
True
Let s = -9 - -15. Suppose 13 = s*m + 1. Is (-2)/(-6)*(m - -1117) a composite number?
False
Suppose 5*i + 5*n - 2417 = 7*n, 3*i - 3*n - 1443 = 0. Is i a prime number?
False
Suppose -2*m - 8 = -24. Suppose 9*r = m*r + 169. Is r composite?
True
Let p = 65 - 17. Suppose 0 = -2*w - 252 - p. Is w/(-35) - 4/14 a prime number?
False
Suppose f = -4*m - 11, -4*f + 3 = 3*m - 5. Suppose f*y - 110 - 25 = 0. Is 10/45 - (-6015)/y prime?
True
Let j = -1379 - -2634. Suppose 5*w + 2*h - j = 0, w + 3*h + 0*h - 251 = 0. Is w composite?
False
Let b = -2111 - -4531. Suppose -l - 4*l + b = 5*v, -3*l - 2*v = -1455. Is l a composite number?
False
Let p = 24675 - 13678. Is p a composite number?
True
Suppose 2191*t - 2193*t = -22758. Is t a composite number?
True
Let l(q) = -2*q**3 + 7*q**2 - 6*q + 3. Let p be l(4). Let v = p + 71. Suppose -k = -0 - v. Is k a composite number?
True
Is ((-270176)/16)/(-2 - 0/3) prime?
True
Suppose -3*r = -2*y - 14, r + 4*y = 5*r - 24. Let a be 3/(-6)*(-48 + r). Suppose 47 = 2*m - a. Is m composite?
True
Suppose 4*n - 2460 = -3*a, -4*n + 3754 + 338 = 5*a. Is (1 - -1) + -3 + a a composite number?
True
Let q = 44 + -5. Let l be (3/27 + 60/432)*4. Is q/l - (6 - 2) a composite number?
True
Let w(l) be the first derivative of -31*l**2/2 - 4*l + 9. Is w(-3) a composite number?
False
Let a be (23 - 21) + 3/(-1). Let w(o) = 253*o**2 - o - 1. Is w(a) a composite number?
True
Suppose 449*s + 153136 = 465*s. Is s a prime number?
False
Let n(p) = 13747*p**2 + 12*p - 2. Is n(-1) composite?
True
Let w = 137 + -124. Suppose 882 = -w*q + 5848. Is q prime?
False
Is 2 + 4/(36/7263) a prime number?
True
Suppose g - 2 = -7, 5*c + g - 21000 = 0. Is c composite?
False
Suppose -j + 2*j = 5*g - 35606, 0 = -4*g + 3*j + 28487. Is g composite?
False
Suppose 4*i + 8 - 24 = 0, -x - 3*i = -13. Let w(c) = -22*c + 5. Let g(u) = u + 1. Let n(j) = x*w(j) - 3*g(j). Is n(-3) prime?
False
Let x be (-2)/11 - (-34751)/11. Let w = x + -1498. Is w prime?
False
Let x(z) = 418*z + 7. Is x(3) a prime number?
False
Let i(f) = 1194*f - 95. Is i(7) prime?
True
Let y(q) be the third derivative of q**7/2520 + 587*q**5/120 + 3*q**4/8 + 4*q**2. Let p(r) be the second derivative of y(r). 